{"id":31,"date":"2026-01-02T19:03:42","date_gmt":"2026-01-02T18:03:42","guid":{"rendered":"http:\/\/ff-kolbnitz.local\/?page_id=31"},"modified":"2026-04-15T10:15:50","modified_gmt":"2026-04-15T08:15:50","slug":"impressum","status":"publish","type":"page","link":"https:\/\/diar.bplaced.net\/public\/impressum\/","title":{"rendered":"Impressum"},"content":{"rendered":"\n<h1 class=\"wp-block-heading\">Impressum Freiwillige Feuerwehr Kolbnitz<\/h1>\n\n\n\n<div class=\"wp-block-group\"><div class=\"wp-block-group__inner-container is-layout-constrained wp-block-group-is-layout-constrained\">\n<p>Angaben gem\u00e4\u00df \u00a7 5 TMG<br>Freiwillige Feuerwehr Kolbnitz<br>Unterkolbnitz 119<br>9815 Kolbnitz<\/p>\n\n\n\n<p>Vertreten durch:<br>Den Kommandanten: OBI Heinz Naschenweng<\/p>\n\n\n\n<p>Tr\u00e4ger der Feuerwehr<br>Die Freiwillige Feuerwehr ist eine \u00f6ffentliche Einrichtung der Gemeinde Rei\u00dfeck. Diese wird gesetzlich vertreten durch:<br>B\u00fcrgermeister Ing. Stefan Schupfer<br>Unterkolbnitz 50<br>9815 Kolbnitz<br><br>Kontakt<br>E-Mail: feuerwehr.kolbnitz@aon.at<br>Webseite: https:\/\/www.linguee.de\/deutsch-englisch\/uebersetzung\/von+eurer+seite.html<\/p>\n\n\n\n<p>Aufsichtsbeh\u00f6rde<br>Bezirkshauptmannschaft Spittal an der Drau<\/p>\n\n\n\n<p>Verantwortlich f\u00fcr den Inhalt nach \u00a7 18 Abs. 2 MStV<br>Freiwillige Feuerwehr Kolbnitz<br>Unterkolbnitz 119<br>9815 Kolbnitz<\/p>\n<\/div><\/div>\n","protected":false},"excerpt":{"rendered":"<p>Impressum Freiwillige Feuerwehr Kolbnitz Angaben gem\u00e4\u00df \u00a7 5 TMGFreiwillige Feuerwehr KolbnitzUnterkolbnitz 1199815 Kolbnitz Vertreten durch:Den Kommandanten: OBI Heinz Naschenweng Tr\u00e4ger der FeuerwehrDie Freiwillige Feuerwehr ist&#8230;<\/p>\n","protected":false},"author":1,"featured_media":0,"parent":0,"menu_order":0,"comment_status":"closed","ping_status":"closed","template":"","meta":{"footnotes":""},"class_list":["post-31","page","type-page","status-publish","hentry"],"_links":{"self":[{"href":"https:\/\/diar.bplaced.net\/public\/wp-json\/wp\/v2\/pages\/31","targetHints":{"allow":["GET"]}}],"collection":[{"href":"https:\/\/diar.bplaced.net\/public\/wp-json\/wp\/v2\/pages"}],"about":[{"href":"https:\/\/diar.bplaced.net\/public\/wp-json\/wp\/v2\/types\/page"}],"author":[{"embeddable":true,"href":"https:\/\/diar.bplaced.net\/public\/wp-json\/wp\/v2\/users\/1"}],"replies":[{"embeddable":true,"href":"https:\/\/diar.bplaced.net\/public\/wp-json\/wp\/v2\/comments?post=31"}],"version-history":[{"count":18,"href":"https:\/\/diar.bplaced.net\/public\/wp-json\/wp\/v2\/pages\/31\/revisions"}],"predecessor-version":[{"id":205,"href":"https:\/\/diar.bplaced.net\/public\/wp-json\/wp\/v2\/pages\/31\/revisions\/205"}],"wp:attachment":[{"href":"https:\/\/diar.bplaced.net\/public\/wp-json\/wp\/v2\/media?parent=31"}],"curies":[{"name":"wp","href":"https:\/\/api.w.org\/{rel}","templated":true}]}}